{"id":11365,"date":"2025-10-27T09:17:57","date_gmt":"2025-10-27T08:17:57","guid":{"rendered":"https:\/\/starqstrom.de\/?page_id=11365"},"modified":"2025-10-27T11:51:48","modified_gmt":"2025-10-27T10:51:48","slug":"datenschutz-rlm","status":"publish","type":"page","link":"https:\/\/old.starqstrom.de\/starqstrom\/datenschutz-rlm\/","title":{"rendered":"Datenschutz RLM"},"content":{"rendered":"\t\t<div data-elementor-type=\"wp-page\" data-elementor-id=\"11365\" class=\"elementor elementor-11365\" data-elementor-post-type=\"page\">\n\t\t\t\t        <section class=\"elementor-section elementor-top-section elementor-element elementor-element-27761ea elementor-section-stretched pxl-row-scroll-fixed elementor-section-boxed elementor-section-height-default elementor-section-height-default pxl-zoom-point-false pxl-section-overflow-visible pxl-section-fix-none pxl-bg-color-none pxl-section-overlay-none\" data-id=\"27761ea\" data-element_type=\"section\" data-settings=\"{&quot;stretch_section&quot;:&quot;section-stretched&quot;}\">\n\n                \n                <div class=\"elementor-container elementor-column-gap-extended \">\n                <div class=\"elementor-column elementor-col-100 elementor-top-column elementor-element elementor-element-64c8bf9 pxl-column-none pxl-column-overflow-hidden-no\" data-id=\"64c8bf9\" data-element_type=\"column\">\r\n        <div class=\"elementor-widget-wrap elementor-element-populated\">\r\n                     \r\n        \t\t<div class=\"elementor-element elementor-element-9dd217b elementor-widget elementor-widget-pxl_heading\" data-id=\"9dd217b\" data-element_type=\"widget\" data-widget_type=\"pxl_heading.default\">\n\t\t\t\t<div class=\"elementor-widget-container\">\n\t\t\t\t\t\n<div id=\"pxl-pxl_heading-9dd217b-8688\" class=\"pxl-heading px-sub-title-default-style \">\n\t<div class=\"pxl-heading--inner\">\n\t\t\n\t\t<h3 class=\"pxl-item--title style-default highlight-default \" data-wow-delay=\"ms\">\n\n\t\t\t<span class=\"pxl-heading--text\">\n\n\t\t\t\t\t\t\t\t\tDatenschutzerkl\u00e4rung RLM\t\n\t\t\t\t\t\n\t\t\t\t\n\t\t\t<\/span>\n\t\t<\/h3>\n\t\t\n\t<\/div>\n<\/div>\t\t\t\t<\/div>\n\t\t\t\t<\/div>\n\t\t\t\t<div class=\"elementor-element elementor-element-163b9bd elementor-widget elementor-widget-text-editor\" data-id=\"163b9bd\" data-element_type=\"widget\" data-widget_type=\"text-editor.default\">\n\t\t\t\t<div class=\"elementor-widget-container\">\n\t\t\t\t\t\t\t\t\t<p class=\"p2\">Gem\u00e4\u00df den Vorgaben der EU-Datenschutz-Grundverordnung (DSGVO) informieren wir Euch hiermit \u00fcber die Verarbeitung der \u00fcber Euch erhobenen personenbezogenen Daten sowie Eure diesbez\u00fcglichen Datenschutzrechte. Welche Daten im Einzelnen verarbeitet und in welcher Weise genutzt werden, richtet sich ma\u00dfgeblich nach den angefragten bzw. vereinbarten Leistungen. Um zu gew\u00e4hrleisten, dass Ihr in vollem Umfang \u00fcber die Verarbeitung Eurer personenbezogenen Daten im Rahmen der Erf\u00fcllung eines Vertrags oder der Durchf\u00fchrung vorvertraglicher Ma\u00dfnahmen informiert seid, nehmt bitte nachstehende Informationen zu Kenntnis.<\/p><p class=\"p3\"><b>1 &#8211; Verantwortlicher f\u00fcr die Datenverarbeitung<\/b><\/p><p class=\"p2\">Verantwortlicher gem. Artikel 4 Absatz 7 DSGVO und den geltenden landesspezifischen Datenschutzbestimmungen ist die:<\/p><p class=\"p2\"><b>MPSV GmbH<br \/><\/b>Schillerstra\u00dfe 6 | 61476 Kronberg im Taunus<br \/>0800 40 200 60 | kundenservice@starqstrom.de<\/p><p class=\"p2\">Allgemeine Fragen zum Datenschutz an die MPSV GmbH sendet Ihr bitte an <a href=\"mailto:datenschutz@starqstrom.de\">datenschutz@starqstrom.de<\/a>.<\/p><p class=\"p2\">Unseren <b>Datenschutzbeauftragten<\/b> erreicht Ihr per Post unter der o.g. Adresse mit dem Zusatz &#8211; Datenschutzbeauftragter &#8211; oder per E-Mail unter: <a href=\"mailto:datenschutzbeauftragter@starqstrom.de\">datenschutzbeauftragter@starqstrom.de<\/a>.<\/p><p class=\"p3\"><b>2 &#8211; Welche Daten und Quellen nutzen wir?<\/b><\/p><p class=\"p2\">Wir verarbeiten personenbezogene Daten, die wir im Zuge unserer Gesch\u00e4ftsbeziehung von unseren Kunden und Interessenten erhalten. Dazu geh\u00f6ren insbesondere Identifikationsdaten (z. B. Anrede, Name, Vorname, Geburtsdatum, Firma), Kontaktdaten (z. B. Anschrift, Rechnungsadressen, Telefonnummern, E-Mail-Adressen), Vertrags-, Tarif- und Lieferantenwechseldaten (z. B. Kundennummer, Z\u00e4hlernummer, Marktlokations-Identifikationsnummer, Angaben zum Belieferungszeitraum), Verbrauchsdaten, Abrechnungsdaten und Bankdaten, Korrespondenz (z. B. Schriftverkehr mit Euch) sowie weitere Daten und Dokumente, die Ihr uns im Rahmen unserer Gesch\u00e4ftsbeziehung zur Verf\u00fcgung stellen (z. B. Anfragen an unseren Kundenservice, Mitteilungen \u00fcber das Online-Kundenportal). Dar\u00fcber hinaus k\u00f6nnen Bonit\u00e4tsdaten verarbeitet werden. Unabh\u00e4ngig davon kann es immer Konstellationen geben, in denen wir personenbezogenen Daten von Euch verarbeiten, die hier nicht bzw. deren Zwecke hier nicht genannt sind. Wir werden in diesen F\u00e4llen dann \u2013 bezogen auf den jeweiligen Anlass \u2013 gesonderte Informationen zum Datenschutz f\u00fcr Sie bereithalten, soweit dies gesetzlich erforderlich ist.<\/p><p class=\"p3\"><b>3 &#8211; Wof\u00fcr verarbeiten wir personenbezogene Da<\/b><b>ten und aufgrund welcher Rechtsgrundlage<\/b><\/p><p class=\"p3\"><b>(Zweck der Verarbeitung)?<\/b><\/p><p class=\"p2\">Wir verarbeiten Eure personenbezogenen Daten unter Beachtung der DSGVO und des Bundesdatenschutzgesetzes (BDSG), sowie aller weiteren ma\u00dfgeblichen Gesetze, soweit diese f\u00fcr die Entscheidung \u00fcber die Begr\u00fcndung eines Gesch\u00e4ftsverh\u00e4ltnisses erforderlich sind.<\/p><p class=\"p2\">Dabei ist die Verarbeitung rechtm\u00e4\u00dfig, wenn mindestens eine der nachstehenden Bedingungen erf\u00fcllt ist:<\/p><p class=\"p2\"><b>3.1 Verarbeitung zur Erf\u00fcllung von vertraglichen Pflichten<\/b><\/p><p class=\"p2\"><b>(Artikel 6 Absatz 1 Buchstabe b DSGVO)<\/b><\/p><p class=\"p2\">Die Verarbeitung personenbezogener Daten erfolgt im Rahmen der Erf\u00fcllung von Vertr\u00e4gen mit unseren Kunden oder aber zur Durchf\u00fchrung vorvertraglicher Ma\u00dfnahmen sowie zur Abwicklung Eurer Anfragen. Die Einzelheiten k\u00f6nnt Ihr Euren Vertragsunterlagen und den geltenden Gesch\u00e4ftsbedingungen entnehmen. Hierzu geh\u00f6ren z. B. die Angebotserstellung, Bearbeitung von Auftr\u00e4gen, Vertragsgestaltung, Belieferung oder Dienstleistungen im Rahmen von Vertragsabschl\u00fcssen, Service und Hilfestellung bei kundenspezifischen Problemen oder Anliegen und ggf. ein damit verbundene Beschwerdemanagement sowie die Rechnungsstellung.<\/p><p class=\"p2\"><b>3.2 Verarbeitung aufgrund gesetzlicher Vorgaben<\/b><\/p><p class=\"p2\"><b>(Artikel 6 Absatz 1 Buchstabe c DSGVO)<\/b><\/p><p class=\"p2\">Dar\u00fcber hinaus verarbeiten wir Eure personenbezogenen Daten zur Erf\u00fcllung gesetzlicher Verpflichtungen wie z. B. Steuergesetzen und den daraus resultierenden handels- und steuerrechtlicher Aufbewahrungspflichten, unseren Beratungspflichten, dem Geldw\u00e4schegesetz sowie den Vorgaben energierechtlicher Regelungen. Zu den Zwecken der Verarbeitung geh\u00f6rt dabei auch die Erf\u00fcllung steuerrechtlicher Kontroll- und Meldepflichten, Erf\u00fcllung der energiewirtschaftlichen Vorgaben, Sanktionslistenpr\u00fcfung sowie die Betrugs- und Geldw\u00e4schepr\u00e4vention.<\/p><p class=\"p2\"><b>3.3 Verarbeitung im Rahmen der Interessenabw\u00e4gung<\/b><\/p><p class=\"p2\"><b>(Artikel 6 Absatz 1 lit. f DSGVO)<\/b><\/p><p class=\"p2\">Neben der Verarbeitung Eurer Daten zu Zwecken der Vertragserf\u00fcllung verarbeiten wir \u2013 sofern Eure schutzw\u00fcrdigen Interessen nicht \u00fcberwiegen \u2013 Eure Daten auch aufgrund unseres berechtigten Interesses oder des berechtigten Interesses eines Dritten. Das umfasst die Nutzung Eurer personenbezogenen Daten wie folgt:<\/p><ul><li class=\"p2\">Verarbeitung zu Zwecken des Direktmarketings und einer direkten Kontaktaufnahme \u2013 sofern dies gesetzlich erlaubt ist oder Ihr uns Eure Einwilligung erteilt habt<\/li><li class=\"p2\">Verarbeitung Eurer Daten zu Zwecken der Markt- und Meinungsforschung, um Interessen, Zufriedenheit und Trends zu erfahren und zu evaluieren und dadurch Produkte, Dienstleistungen und Gesch\u00e4ftsprozesse zu verbessern<\/li><li class=\"p2\">Durchf\u00fchrung und Weiterentwicklung von Analysen zur Bewertung Eurer Interessen und Kundenzufriedenheit sowie Gestaltung von dementsprechend individualisierten Angeboten<\/li><li class=\"p2\">Ma\u00dfnahmen zur Verbesserung und Entwicklung von Services und Produkten, um Euch eine kundenindividuelle Ansprache mit ma\u00dfgeschneiderten Angeboten und Produkten anbieten zu k\u00f6nnen<\/li><li class=\"p2\">Geltendmachung rechtlicher Anspr\u00fcche und Verteidigung bei rechtlichen Streitigkeiten<\/li><li class=\"p2\">Gew\u00e4hrleistung der IT-Sicherheit und des IT-Betriebs sowie Weiterentwicklung dieser Ma\u00dfnahmen<\/li><li class=\"p2\">Betrugspr\u00e4vention und Sammlung von Beweismitteln bei Betrugsdelikten (z. B. Energiediebstahl)<\/li><li class=\"p2\">Verhinderung und Aufkl\u00e4rung von Straftaten<\/li><li class=\"p2\">In Konsultation und Datenaustausch mit Auskunfteien (z.B. Creditreform) zur Ermittlung von Bonit\u00e4ts- bzw. Zahlungsausfallrisiken zu treten, insbesondere bei Vorliegen der Voraussetzungen des \u00a7 31 BDSG<\/li><li class=\"p2\">Ermittlung von Anschriften zum Zwecke der Forderungsbeitreibung oder sonstiger Vertragskl\u00e4rung<\/li><li class=\"p2\">Steuerung unserer gesch\u00e4ftlichen Risiken<\/li><li class=\"p2\">Eure Daten anonymisiert zu Analysezwecken zu verwenden, was unter anderem die Verbesserung des Kundenservice sowie die Produktentwicklung miteinschlie\u00dft.<\/li><\/ul><p class=\"p2\"><b>3.4 Verarbeitung aufgrund Eurer Einwilligung<\/b><\/p><p class=\"p2\"><b>(Artikel 6 Absatz 1 Buchstabe a DSGVO)<\/b><\/p><p class=\"p2\">Soweit Ihr uns eine Einwilligung zur Verarbeitung von personenbezogenen Daten f\u00fcr bestimmte Zwecke (z. B. Weitergabe an Dritte, Auswertung f\u00fcr Marketingzwecke oder werbliche Ansprache) erteilt habt, ist die Rechtm\u00e4\u00dfigkeit dieser Verarbeitung auf Basis Eurer Einwilligung gegeben. Eine erteilte Einwilligung kann jederzeit, mit Wirkung f\u00fcr die Zukunft, widerrufen werden (s. a. Ziffer 7). Verarbeitungen, die vor dem Widerruf erfolgt sind, sind davon nicht betroffen.<\/p><p class=\"p3\"><b>4 &#8211; Wer bekommt Eure Daten?<\/b><\/p><p class=\"p2\">Innerhalb unseres Unternehmens erhalten diejenigen Stellen Zugriff auf Eure Daten, die diese zur Erf\u00fcllung vertraglicher und gesetzlicher Pflichten brauchen bzw. zur Umsetzung berechtigter Interessen ben\u00f6tigen.<\/p><p class=\"p2\">Informationen \u00fcber Euch werden wir au\u00dferhalb des Unternehmens nur dann weitergeben, wenn dies f\u00fcr die vorgenannten Zwecke erforderlich ist, wenn gesetzliche oder beh\u00f6rdliche Mitteilungspflichten dies erlauben oder gebieten, die Weitergabe zur Abwicklung MPSV GmbH\u00a0und somit zur Erf\u00fcllung des Vertrages oder, auf Ihren Antrag hin, zur Durchf\u00fchrung von vorvertraglichen Ma\u00dfnahmen erforderlich ist, uns Eure Einwilligung vorliegt oder wir zur Erteilung einer Auskunft befugt sind.<\/p><p class=\"p2\">Zur Erf\u00fcllung unserer Verpflichtungen bedienen wir uns der Hilfe von Dienstleistern. Folgende Empf\u00e4ngerkategorien k\u00f6nnen Daten erhalten: Full-Service-Plattform (Kundengewinnung, Vertrags- &amp; Marktkommunikation, Billing, Mahnwesen, Forderungsmanagement, Support), Kundenservice (Call-Center), IT-Dienstleister, Netzbetreiber, Messstellenbetreiber, Energieversorger (Euer Altversorger), Kundenmanagement-System, Kreditinstitute und Anbieter von Zahlungsdienstleistungen, Marketingdienstleister, Vergleichsportale, Inkassodienstleister und Rechtsanw\u00e4lte, Auskunfteien, Logistik- und Postdienstleister, Druckdienstleister, Beratungs- und Consultingunternehmen, Bilanzkreismanagement- und Energiebeschaffungsunternehmen, Energiemakler\/Distributoren, Versicherunger, Markt- und Meinungsforschungsunternehmen, Beh\u00f6rden, ausgew\u00e4hlte Fachbetriebe, Installateure, Handwerker, Energieberater und Energieberatungsunternehmen, Dienstleister zur Beantragung von F\u00f6rdermitteln, Handelsvertreter, gesetzliche Betreuer und Personen, f\u00fcr die eine Vollmacht besteht, Akten- und Datentr\u00e4gerentsorger.<\/p><p class=\"p3\"><b>5 &#8211; Werden Daten in ein Drittland oder an eine in<\/b><b>ternationale Organisation \u00fcbermittelt?<\/b><\/p><p class=\"p2\">Sofern wir Daten in einem Drittland (d.h. au\u00dferhalb der Europ\u00e4ischen Union (EU) oder des Europ\u00e4ischen Wirtschaftsraums (EWR)) verarbeiten oder dies im Rahmen der Inanspruchnahme von Diensten Dritter oder Offenlegung, bzw. \u00dcbermittlung von Daten an Dritte geschieht, erfolgt dies nur, wenn es zur Erf\u00fcllung unserer (vor)vertraglichen Pflichten, auf Grundlage Eurer Einwilligung, aufgrund einer rechtlichen Verpflichtung oder auf Grundlage unserer berechtigten Interessen geschieht. Vorbehaltlich gesetzlicher oder vertraglicher Erlaubnisse verarbeiten oder lassen wir die Daten in einem Drittland nur beim Vorliegen der besonderen Voraussetzungen der Artikel 44 ff. DSGVO verarbeiten. D. h. die Verarbeitung erfolgt z. B. auf Grundlage besonderer Garantien, wie der offiziell anerkannten Feststellung eines der EU entsprechenden Datenschutzniveaus oder Beachtung offiziell anerkannter spezieller vertraglicher Verpflichtungen (so genannte \u201eStandardvertragsklauseln\u201c).<\/p><p class=\"p3\"><b>6 &#8211; Wie lange werden die Daten gespeichert?<\/b><\/p><p class=\"p2\">Regelm\u00e4\u00dfig gel\u00f6scht oder gesperrt werden Eure personenbezogenen Daten, wenn sie f\u00fcr die Erf\u00fcllung vertraglicher oder gesetzlicher Pflichten nicht mehr erforderlich sind, Ihr von Eurem Recht auf L\u00f6schung Gebrauch gemacht habt, s\u00e4mtliche gegenseitige Anspr\u00fcche erf\u00fcllt sind und keine anderweitigen gesetzlichen Aufbewahrungspflichten oder gesetzliche Rechtfertigungsgrundlagen f\u00fcr die Speicherung bestehen. Das bedeutet, dass wir \u2013 sofern keine Aufbewahrungspflichten bestehen \u2013 Eure Daten in der Regel noch f\u00fcr einen Zeitraum von drei Jahren nach Beendigung unseres Vertragsverh\u00e4ltnisses speichern, es sei denn, Ihr habt uns eine Einwilligung erteilt, die eine l\u00e4ngere Speicherung rechtfertigt. Dar\u00fcber hinaus unterliegen wir verschiedenen Aufbewahrungs- und Dokumentationspflichten, die sich unter anderem aus dem Handelsgesetzbuch (HGB), der Abgabenordnung (AO) und dem Geldw\u00e4schegesetz ergeben. Die dort vorgeschriebenen Fristen zur Aufbewahrung bzw. Dokumentation betragen zwei bis zehn Jahre.<\/p><p class=\"p2\">Die Speicherdauer richtet sich ebenso nach den gesetzlichen Verj\u00e4hrungsfristen, die z. B. nach den \u00a7\u00a7 195 ff. des B\u00fcrgerlichen Gesetzbuches (BGB) in der Regel drei Jahre, in gewissen F\u00e4llen aber auch bis zu drei\u00dfig Jahre betragen k\u00f6nnen.<\/p><p class=\"p3\"><b>7 &#8211; Welche Datenschutzrechte habt Ihr?<\/b><\/p><p class=\"p2\">Ihr k\u00f6nnt unter der o. g. Adresse Auskunft \u00fcber die zu Eurer Person gespeicherten Daten verlangen (Artikel 15 DSGVO). Dar\u00fcber hinaus k\u00f6nnt Ihr eine Berichtigung verlangen, wenn wir unrichtige Daten zu Eurer Person gespeichert haben (Artikel 16 DSGVO). Zudem k\u00f6nnt Ihr unter bestimmten Voraussetzungen die L\u00f6schung Eurer Daten verlangen (Artikel 17 DSGVO) oder das Recht auf Widerspruch geltend machen (Artikel 21 DSGVO). Ebenso steht Euch das Recht auf Einschr\u00e4nkung der Verarbeitung Eurer personenbezogenen Daten zu (Artikel 18 DSGVO) sowie ein Recht auf Herausgabe der von Euch bereitgestellten Daten (Artikel 20 DSGVO). Beim Auskunftsrecht und beim L\u00f6schungsrecht gelten die Einschr\u00e4nkungen nach \u00a7\u00a7 34 und 35 BDSG. Dar\u00fcber hinaus besteht ein Beschwerderecht gegen\u00fcber dem Hessischen Beauftragten f\u00fcr Datenschutz und Informationsfreiheit (HBDI), Gustav-Stresemann-Ring 1 in 65189 Wiesbaden (Artikel 77 DSGVO i. V. m. \u00a7 19 BDSG). Das Beschwerderecht besteht unbeschadet eines anderweitigen verwaltungsrechtlichen oder gerichtlichen Rechtsbehelfs. Sofern die Verarbeitung von Daten auf Grundlage Eurer Einwilligung erfolgt, seid Ihr nach Artikel 7 DSGVO berechtigt, die Einwilligung in die Verwendung Eurer personenbezogenen Daten jederzeit zu widerrufen. Bitte beachtet, dass der Widerruf erst f\u00fcr die Zukunft wirkt. Verarbeitungen, die vor dem Widerruf erfolgt sind, sind davon nicht betroffen. Bitte beachtet zudem, dass wir bestimmte Daten f\u00fcr die Erf\u00fcllung gesetzlicher Vorgaben ggf. f\u00fcr einen bestimmten Zeitraum aufbewahren m\u00fcssen.<\/p><div class=\"p3\" style=\"background-color: #eee; padding: 5px; margin: 10px 0;\"><p><b>8 &#8211; Information \u00fcber Ihr Widerspruchsrecht nach<\/b><\/p><p class=\"p3\"><b>Artikel 21 DSGVO<\/b><\/p><p class=\"p2\"><i>1. EINZELFALLBEZOGENES WIDERSPRUCHSRECHT<\/i><\/p><p class=\"p2\">Ihr habt das Recht, aus Gr\u00fcnden, die sich aus Eurer besonderen Situation ergeben, jederzeit gegen die Verarbeitung Euch betreffender personenbezogener Daten, die aufgrund von Artikel 6 Absatz 1 lit. e DSGVO (Datenverarbeitung im \u00f6ffentlichen Interesse) und Artikel 6 Absatz 1 lit. f DSGVO (Datenverarbeitung auf der Grundlage einer Interessenabw\u00e4gung) erfolgt, Widerspruch einzulegen; dies gilt auch f\u00fcr ein auf diese Bestimmung gest\u00fctztes Profiling im Sinne von Artikel 4 Nr. 4 DSGVO. Im Falle Eures Widerspruchs, werden wir Eure personenbezogenen Daten nicht mehr verarbeiten, es sei denn, wir k\u00f6nnen zwingende schutzw\u00fcrdige Gr\u00fcnde f\u00fcr die Verarbeitung nachweisen, die Eure Interessen, Rechte und Freiheiten \u00fcberwiegen, oder die Verarbeitung dient der Geltendmachung, Aus\u00fcbung oder Verteidigung von Rechtsanspr\u00fcchen.<\/p><p class=\"p2\"><i>2. WIDERSPRUCHSRECHT GEGEN EINE VERARBEITUNG<\/i><\/p><p class=\"p2\"><i>VON DATEN F\u00dcR ZWECKE DER DIREKTWERBUNG<\/i><\/p><p class=\"p2\">In Einzelf\u00e4llen verarbeiten wir Eure personenbezogenen Daten, um Direktwerbung zu betreiben. Ihr haben das Recht, jederzeit Widerspruch gegen die Verarbeitung Euch betreffender personenbezogener Daten zum Zwecke derartiger Werbung einzulegen. Widersprecht Ihr der Verarbeitung f\u00fcr Zwecke der Direktwerbung, so werden wir Eure personenbezogenen Daten nicht mehr f\u00fcr diese Zwecke verarbeiten. Der Widerspruch kann formfrei erfolgen und sollte m\u00f6glichst an die in Ziffer 1 angegebenen Kontaktdaten gerichtet werden.<\/p><\/div><p class=\"p3\"><b>9 &#8211; Was passiert, wenn Ihr Eure Daten nicht be<\/b><b>reitstellt?<\/b><\/p><p class=\"p2\">Die Bereitstellung personenbezogener Daten zur Vertragsbegr\u00fcndung, -durchf\u00fchrung, -erf\u00fcllung oder zur Durchf\u00fchrung vorvertraglicher Ma\u00dfnahmen ist in der Regel weder gesetzlich noch vertraglich vorgeschrieben. Ihr seid somit nicht verpflichtet, Angaben zu personenbezogenen Daten zu machen. Bitte beachtet jedoch, dass diese f\u00fcr die Entscheidung \u00fcber einen Vertragsabschluss, die Vertragserf\u00fcllung oder f\u00fcr vorvertragliche Ma\u00dfnahmen in der Regel erforderlich sind. Soweit Ihr uns keine personenbezogenen Daten bereitstellt, k\u00f6nnen wir ggf. keine Entscheidung im Rahmen vertraglicher Ma\u00dfnahmen treffen. Wir empfehlen, immer nur solche personenbezogenen Daten anzugeben, die f\u00fcr den Vertragsschluss, die<\/p><p class=\"p2\">Vertragserf\u00fcllung bzw. vorvertragliche Ma\u00dfnahmen erforderlich sind.<\/p><p class=\"p3\"><b>10 &#8211; Automatisierte Entscheidungsfindung<\/b><\/p><p class=\"p2\">Zur Begr\u00fcndung, Erf\u00fcllung oder Durchf\u00fchrung der Gesch\u00e4ftsbeziehung sowie f\u00fcr vorvertragliche Ma\u00dfnahmen nutzen wir grunds\u00e4tzlich keine vollautomatisierte Entscheidungsfindung gem\u00e4\u00df Art. 22 DSGVO. Sollten wir diese Verfahren in Einzelf\u00e4llen einsetzen, werden wir Sie hier\u00fcber gesondert informieren bzw. Eure Einwilligung einholen, sofern dies gesetzlich vorgegeben ist<\/p>\t\t\t\t\t\t\t\t<\/div>\n\t\t\t\t<\/div>\n\t\t            <\/div>\r\n        <\/div>\r\n        \t\t\t<\/div>\n\t\t<\/section>\n\t\t        <section class=\"elementor-section elementor-top-section elementor-element elementor-element-74cce29 elementor-section-stretched elementor-section-boxed elementor-section-height-default elementor-section-height-default pxl-row-scroll-none pxl-zoom-point-false pxl-section-overflow-visible pxl-section-fix-none pxl-bg-color-none pxl-section-overlay-none\" data-id=\"74cce29\" data-element_type=\"section\" data-settings=\"{&quot;stretch_section&quot;:&quot;section-stretched&quot;,&quot;background_background&quot;:&quot;classic&quot;}\">\n\n                \n                <div class=\"elementor-container elementor-column-gap-extended \">\n                <div class=\"elementor-column elementor-col-100 elementor-top-column elementor-element elementor-element-f5c85ae pxl-column-none pxl-column-overflow-hidden-no\" data-id=\"f5c85ae\" data-element_type=\"column\">\r\n        <div class=\"elementor-widget-wrap elementor-element-populated\">\r\n                     \r\n        \t\t<div class=\"elementor-element elementor-element-df49fab elementor-widget elementor-widget-pxl_logo\" data-id=\"df49fab\" data-element_type=\"widget\" data-widget_type=\"pxl_logo.default\">\n\t\t\t\t<div class=\"elementor-widget-container\">\n\t\t\t\t\t    <div class=\"pxl-logo \" data-wow-delay=\"ms\">\r\n        <a href=\"https:\/\/old.starqstrom.de\/starqstrom\/\">            <img fetchpriority=\"high\" decoding=\"async\" width=\"1000\" height=\"155\" src=\"https:\/\/old.starqstrom.de\/starqstrom\/wp-content\/uploads\/250624_TWOSEE_STARQSTROM_CD_Logo_header_dunkel.png\" class=\"attachment-full\" alt=\"\" \/>        <\/a>    <\/div>\r\n\t\t\t\t<\/div>\n\t\t\t\t<\/div>\n\t\t\t\t<div class=\"elementor-element elementor-element-846e075 elementor-widget__width-auto elementor-widget elementor-widget-pxl_link\" data-id=\"846e075\" data-element_type=\"widget\" data-widget_type=\"pxl_link.default\">\n\t\t\t\t<div class=\"elementor-widget-container\">\n\t\t\t\t\t<div class=\"pxl-link-wrap\">\r\n    <h3 class=\"pxl-widget-title pxl-empty\"><\/h3>\r\n            <ul id=\"pxl-link-pxl_link-846e075-2475\" class=\"pxl-link pxl-link-l1 style-default type-horizontal\">\r\n                                <li class=\"pxl-item--link  \">\r\n                        <a class=\"\" href=\"https:\/\/old.starqstrom.de\/starqstrom\/impressum\/\">\r\n                                                        <span class=\"pxl-link--text\">Impressum<\/span>\r\n                        <\/a>\r\n                    <\/li>\r\n                                <li class=\"pxl-item--link  \">\r\n                        <a class=\"\" href=\"https:\/\/old.starqstrom.de\/starqstrom\/datenschutz\/\">\r\n                                                        <span class=\"pxl-link--text\">Datenschutz<\/span>\r\n                        <\/a>\r\n                    <\/li>\r\n                    <\/ul>\r\n    <\/div>\t\t\t\t<\/div>\n\t\t\t\t<\/div>\n\t\t            <\/div>\r\n        <\/div>\r\n        \t\t\t<\/div>\n\t\t<\/section>\n\t\t\t\t<\/div>\n\t\t","protected":false},"excerpt":{"rendered":"<p>Datenschutzerkl\u00e4rung RLM Gem\u00e4\u00df den Vorgaben der EU-Datenschutz-Grundverordnung (DSGVO) informieren wir Euch hiermit \u00fcber die Verarbeitung der \u00fcber Euch erhobenen personenbezogenen Daten sowie Eure diesbez\u00fcglichen Datenschutzrechte. Welche Daten im Einzelnen verarbeitet und in welcher Weise genutzt werden, richtet sich ma\u00dfgeblich nach den angefragten bzw. vereinbarten Leistungen. Um zu gew\u00e4hrleisten, dass Ihr in vollem Umfang \u00fcber die [&hellip;]<\/p>\n","protected":false},"author":4,"featured_media":0,"parent":0,"menu_order":0,"comment_status":"closed","ping_status":"closed","template":"elementor_canvas","meta":{"footnotes":""},"class_list":["post-11365","page","type-page","status-publish","hentry"],"_links":{"self":[{"href":"https:\/\/old.starqstrom.de\/starqstrom\/wp-json\/wp\/v2\/pages\/11365","targetHints":{"allow":["GET"]}}],"collection":[{"href":"https:\/\/old.starqstrom.de\/starqstrom\/wp-json\/wp\/v2\/pages"}],"about":[{"href":"https:\/\/old.starqstrom.de\/starqstrom\/wp-json\/wp\/v2\/types\/page"}],"author":[{"embeddable":true,"href":"https:\/\/old.starqstrom.de\/starqstrom\/wp-json\/wp\/v2\/users\/4"}],"replies":[{"embeddable":true,"href":"https:\/\/old.starqstrom.de\/starqstrom\/wp-json\/wp\/v2\/comments?post=11365"}],"version-history":[{"count":22,"href":"https:\/\/old.starqstrom.de\/starqstrom\/wp-json\/wp\/v2\/pages\/11365\/revisions"}],"predecessor-version":[{"id":11429,"href":"https:\/\/old.starqstrom.de\/starqstrom\/wp-json\/wp\/v2\/pages\/11365\/revisions\/11429"}],"wp:attachment":[{"href":"https:\/\/old.starqstrom.de\/starqstrom\/wp-json\/wp\/v2\/media?parent=11365"}],"curies":[{"name":"wp","href":"https:\/\/api.w.org\/{rel}","templated":true}]}}